ed by (29*-2)/(r - 46)?
11
Suppose 16*u - 20*u + 4*l + 12032 = 0, 5*u = -4*l + 15031. What is the remainder when u is divided by 750?
7
Let j = -35 - -18. Let a = j + 70. Suppose 5*z - 3*o - 147 = 0, -8*o = -2*z - 12*o + 38. What is the remainder when a is divided by z?
26
Let j(h) = 83*h**2 - 15*h - 43. What is the remainder when j(-3) is divided by 18?
11
Suppose -170*j + 149*j + 1239 = 0. What is the remainder when 453 is divided by j?
40
Suppose -159*l + 121*l + 30818 = 0. Calculate the remainder when l is divided by 41.
32
Let u = -12213 - -12670. What is the remainder when u is divided by 26?
15
What is the remainder when 5/((-105)/2996)*(-4)/((-8)/(-3)) is divided by 59?
37
Let m(d) be the third derivative of 2*d**4 - d**3/3 + 3*d**2 - 9. Calculate the remainder when m(2) is divided by 22.
6
Suppose 3*p - 4*p = 3*a - 188, 4*a + 4*p = 256. Suppose h = 5*z - 137, 4*h + a = z + z. What is the remainder when z is divided by 19?
8
Let k(g) = g**3 + 25*g**2 - 2*g - 50. Let u be k(-25). Suppose 34*y - 21*y - 65 = u. Calculate the remainder when (-3)/2*(2 - 8) is divided by y.
4
Let u = -9 + 34. Let w = 66 - u. Suppose 2*j = 5*b - 128, -j - 2*j = 2*b - 36. Calculate the remainder when w is divided by b.
17
Let t = 4105 - 4089. Calculate the remainder when 68 is divided by t.
4
Let d be 170/(-15) + 4/(-6). Let t(i) = -2*i**3 - 6*i**2 - 7*i - 8. Calculate the remainder when t(-3) is divided by 6/4*(-64)/d.
5
Let v(y) = -y**2 - 4*y + 3. Let q(x) = 29*x**2 - 189*x - 296. Calculate the remainder when q(8) is divided by v(-3).
0
Suppose 3*y + 2*y - 85 = -5*z, 0 = 2*z + 4. Let c(w) = 21*w + 18*w + 0*w - w**2 - 32*w + 17 + 12*w. What is the remainder when 99 is divided by c(y)?
14
Calculate the remainder when -2*-21*279/(-84)*(1 - 5) is divided by 57.
45
Suppose -54 = 13*t - 15. Calculate the remainder when 171 is divided by (2 + (-4)/3)*t - -27.
21
Calculate the remainder when 440 is divided by (-13 - (-345)/30)*-42.
62
Let m = 6098 + -6084. Calculate the remainder when 3102 is divided by m.
8
Let a = 29200 + -14943. Calculate the remainder when a is divided by 46.
43
Let t(r) = r - 1. Let x(q) = -7*q - 13. Let h(d) = -4*t(d) + x(d). Suppose 60*u - 1651 = -931. Calculate the remainder when h(-7) is divided by u.
8
Suppose -4*g + 97*f - 98*f = -740, -5*g = 2*f - 922. What is the remainder when g is divided by 76?
34
Let j(v) = -v**3 - 16*v**2 - 12*v + 50. Let x be j(-15). Suppose -t + x*t + 66 = a, a - 3*t - 64 = 0. Calculate the remainder when 173 is divided by a.
57
Suppose 4*g - 93 = -3273. Let o = g - -808. Calculate the remainder when 113 is divided by o.
9
Calculate the remainder when (-1)/((-72 + 71)*(-2)/(-1562)) is divided by 120.
61
Suppose -5248*t + 5111*t = -4110. Suppose -5*w + 5*n - 4 = -w, -w + 24 = 5*n. What is the remainder when (-2)/4 - (-358)/w is divided by t?
29
Let g = 18226 - 18175. Calculate the remainder when 57 is divided by g.
6
Let f = 7 + -7. Suppose 3*y - 167 = -2*b, -2*b + f*b - 187 = -3*y. Calculate the remainder when y is divided by ((-15 + 6)/27)/((-1156)/192 - -6).
11
Let h be (-1714)/((-2)/(-3)*-3). Let v be (-13016)/(-24) + 2/3. Suppose -3*q + v = u, -5*q - 4*u + h = -41. What is the remainder when q is divided by 23?
21
What is the remainder when 1189 is divided by (-10)/(-25)*41990/52?
220
Let y(d) = -264*d - 3. Calculate the remainder when y(-2) is divided by (-3)/(53/(40704/(-144))).
13
Suppose 2*y = -5*x + 145, 145*x - 118 = 141*x - 2*y. What is the remainder when 267 is divided by x?
24
Calculate the remainder when ((-752)/(-14))/(97/679) is divided by 278.
98
Let r(t) = -6*t - 56. Let n be 2/3*(15 + -30). Let i be r(n). What is the remainder when 96 is divided by 25 + (i + 2 - 2 - 3)?
18
Suppose m - 28 = -4*h - 11, 5*m + 2*h - 121 = 0. Let o(w) = 3*w**3 - 2*w**2 + 5*w - 8. Calculate the remainder when o(3) is divided by m.
20
Suppose 21*p - 138338 - 7621 = 10*p. What is the remainder when p is divided by 12?
9
Let c(a) = -43*a**3 + 7*a**2 + a - 2. Calculate the remainder when 1361 is divided by c(-1).
45
Suppose 27*x + 10*x - 152*x = -12305. What is the remainder when 2108 is divided by x?
75
Let g(y) = -y**2 + 20*y - 27. Suppose 54 = 8*h - 90. Let q be g(h). Let v = 16 + q. Calculate the remainder when 97 is divided by v.
22
Let n(g) = -8*g**3 + 337*g**2 - 37*g - 105. Calculate the remainder when n(42) is divided by 10.
5
Let s(r) = -4*r**3 - 68*r**2 - 23*r - 439. What is the remainder when 2894 is divided by s(-19)?
8
Let u(r) = 2*r - 2. Let j be u(3). Suppose 5*n - 25 = -j*o + 21, 25 = 3*n + 5*o. Let w = 825844 - 825787. Calculate the remainder when w is divided by n.
7
Let p = 9999 + -5301. Calculate the remainder when p is divided by 98.
92
Suppose -16*o + 20*o - 5012 = -24*o. Calculate the remainder when 190 is divided by o.
11
Suppose 3*n - 8 = 2*n. Suppose -3*d - f = 3*f - 110, n = 4*f. Let y = -106 - -113. What is the remainder when d is divided by y?
6
Let a = -8056 - -8227. What is the remainder when 2219 is divided by a?
167
Let f(x) = x**3 - 36*x**2 - 84*x - 35. Let q be f(38). Let p = q + 354. Calculate the remainder when p is divided by 5.
0
Let n be 6 - 40/5 - (-17 - -1). Let s be -5*n - (-5 + 2) - 2. Let q = s + 79. What is the remainder when 89 is divided by q?
9
Suppose 13 = -a - 34. Let v = a - -86. Suppose v = 3*m - 3. What is the remainder when m is divided by 6?
2
Suppose 20 - 32 = -3*j. Let c be (-1 - j) + 9 - 7*31. Let n = 412 + c. What is the remainder when n is divided by 51?
46
Let p = -258 + 362. Suppose 33*s - 35*s + p = 0. What is the remainder when s is divided by 15?
7
Let n(v) = -2*v**2 + 8*v - 9. Let g be n(-5). Let c = 396 + g. Calculate the remainder when c is divided by 20.
17
Suppose 12*c + 0*c = -7380. Let f = c - -779. Calculate the remainder when f is divided by 24.
20
Suppose 0 = -7*w + 5*w - 2*y + 58, 0 = -6*y. What is the remainder when 723 is divided by w?
27
Suppose -4*y = -11*v + 16421, -v + 1061 + 435 = -y. Calculate the remainder when v is divided by 249.
246
Let p = 33115 + -32659. What is the remainder when p is divided by 120?
96
Suppose -135 = -5*p - 5*d, -4*p - 295*d = -290*d - 106. What is the remainder when 77 is divided by p?
19
Let g(i) = -i**2 + 8*i + 3. Let k(u) = 5*u - 8*u + 10*u - 22. What is the remainder when g(6) is divided by k(4)?
3
Let u be 3 + (-1 - (-1 - 0)). Suppose -138 = -5*i + u*i. Calculate the remainder when i is divided by 5.
4
Let p(a) = -3*a**2 + 36*a + 92. What is the remainder when 581 is divided by p(13)?
51
Let i(s) = 3*s + 31. Let f be i(-20). Let n = -7 - f. Suppose -3*q - 6 = 0, q + 121 = 3*y - 73. Calculate the remainder when y is divided by n.
20
Let q = 14 - -50. Suppose v - 68 = -v. Calculate the remainder when q is divided by v.
30
Let f = 3412 + -3335. What is the remainder when 402 is divided by f?
17
Let k be -205*6/(-5) - 3. Suppose -p - u + k = 0, 0 = 4*p + p - 3*u - 1255. What is the remainder when p is divided by 42?
38
Let x(p) be the first derivative of 21*p**2/2 - 4*p - 7. Let h be x(2). Let d = 75 - h. Calculate the remainder when d is divided by 10.
7
Suppose -2*r + 4 = -2*u - 14, -r + 4*u = -12. Calculate the remainder when 220 is divided by r.
4
Suppose -h + 31 = 2*l - 5, -4*l - 3*h = -74. What is the remainder when 100 is divided by l?
15
Suppose 133*a = 153469 - 21400. Calculate the remainder when a is divided by 166.
163
Let i be 41/(((-49)/35)/7). Calculate the remainder when 3 - 39/12 - i/4 is divided by 30.
21
Suppose -32 + 68 = 6*u. What is the remainder when 44 is divided by u?
2
Calculate the remainder when 592 is divided by 19 + -30 - (-71)/1.
52
Suppose 5*x - 294 = -2*o - 2*o, -5*x - o = -306. Suppose 0 = 3*z + 4*h - 63, 0 = -2*z - 2*h + x - 18. Calculate the remainder when 74 is divided by z.
24
Let p be 4/8*2*-1. Let z be (4 + (1 - 104))/p. Let a = z - 81. Calculate the remainder when a is divided by 7.
4
Let l = 409 - 356. Suppose 8*k = 5*k + 42. Calculate the remainder when l is divided by k.
11
Let j(i) = i**3 - 5*i**2 - 10*i + 33. Let m be j(6). Suppose 0 = -3*t - m*t + 300. What is the remainder when t is divided by 8?
1
Let z be ((-15)/6 + 3)/(4/96). Suppose -z*s - 14 = -98. Suppose -5*a = s*a - 720. What is the remainder when a is divided by 9?
6
Suppose -2 = -11*o + 7*o + 2*j, -o